 - -17310. What are the prime factors of h?
3, 7, 313
Let j(z) = -3*z**3 + 5*z**2 - 15. Let b be j(5). Let s = 547 + b. List the prime factors of s.
2, 3, 47
Let s = 716 + -466. Let l = s - 233. List the prime factors of l.
17
Suppose -158*s + 634356 = -5036920 + 108412. What are the prime factors of s?
2, 3, 163
Let c be -18 + 13 - (1 - 8). Suppose 11*q - 3231 = c*q. What are the prime factors of q?
359
List the prime factors of 550338/(-4)*(-56)/357 + 4/34.
2, 3, 11, 109
Let t(k) be the third derivative of k**5/30 + k**4/8 - 2*k**3/3 + 3*k**2. Let y be t(-3). List the prime factors of (1 - y)/(-2 + 0).
2
Let r(k) be the second derivative of 11*k**3/6 - 19*k. Let j be r(7). Let q = 110 - j. List the prime factors of q.
3, 11
Let n(z) = -1585*z. Let p(f) be the third derivative of 3*f**4 - 5*f**2. Let s(o) = 2*n(o) + 45*p(o). What are the prime factors of s(1)?
2, 5, 7
Let k(g) = 4*g**3 - 4*g**2 + 3*g - 1. Let x = -177 + 180. What are the prime factors of k(x)?
2, 5
Let r = 11 - 7. Let x(s) be the third derivative of 19*s**4/24 + 53*s**3/6 - 4195*s**2. What are the prime factors of x(r)?
3, 43
List the prime factors of 185480/8 + (-6)/(-1) - 5.
2, 11593
Suppose -2*f + 987 = -h, -376*f + 371*f + 2*h = -2469. What are the prime factors of f?
3, 5, 11
Suppose 7*l = 9*l. Suppose l = s - 7*s - 12. What are the prime factors of s/5 + 254/10?
5
What are the prime factors of 69/(-552) + 162274/16 + 1?
3, 7, 23
Let q = -126 - -128. Suppose q*k + 7 = 477. List the prime factors of k.
5, 47
Suppose 0 = 9*q - 493 + 3760. Let y(x) = 43*x + 2. Let n be y(-6). Let u = n - q. What are the prime factors of u?
107
Let g(c) be the first derivative of c**4/2 + 11*c**3/3 + 5*c**2/2 + 4*c + 24. Let p be g(-5). Suppose -17 = p*i - 357. List the prime factors of i.
5, 17
Suppose 288 = 5*j - 2*j. Suppose -3*d = 122 - 14. Let q = d + j. What are the prime factors of q?
2, 3, 5
What are the prime factors of 30/8*589240/25?
2, 3, 14731
Let z be 1 - (6/2 + -168). Suppose t + z = -t. Let j = -38 - t. List the prime factors of j.
3, 5
Let r be (-144)/135*-10*21/4. Suppose -66*j + r*j + 1370 = 0. What are the prime factors of j?
137
Let f = 8678 + -4257. List the prime factors of f.
4421
Suppose -39*i + 16 = -101. Suppose -i*a - 4*u = -1903, -a + 285 = 5*u - 342. What are the prime factors of a?
7, 13
Let r = 150 - 104. Suppose -3*h + r = 4*b, h + 2*b - 3 = 15. Let u(n) = 3*n**2 - 8*n - 49. What are the prime factors of u(h)?
3, 19
Suppose -4*c = -3*x - 208350, -c - 2433*x + 52086 = -2434*x. What are the prime factors of c?
2, 3, 1447
Suppose -13*n + 5 = -86. Suppose -5*j - 2*q + 2795 = -n*q, -4*j = -5*q - 2233. List the prime factors of j.
2, 281
List the prime factors of (49 - 74 - -22) + 0 + 8589.
2, 3, 53
Suppose -l - 37 = -3*i, 0*l + 2 = 2*i + 5*l. Suppose -9*s + i*s = 58. List the prime factors of s.
29
Suppose c + q - 2406 = 4541, 6937 = c - q. What are the prime factors of c?
2, 3, 13, 89
Suppose -26*c - 9905 = -3*i - 30*c, -5*i = -2*c - 16517. What are the prime factors of i?
3, 367
Let a(d) = 10*d**2 - 124*d + 3. List the prime factors of a(23).
2441
Let o(c) = c**2 - 5*c - 90. Let b be o(-7). Suppose -5*j + 314 = 44. What are the prime factors of (j/(-4))/(1/b)?
3
Let x = 225 - -514. Let k = 1101 - x. List the prime factors of k.
2, 181
Let d be 0/5*(-2)/(-4) - -5016. Suppose 6*g = d - 1560. What are the prime factors of g?
2, 3
Suppose 0 = -7*o + 386 - 428. Let d(m) = -18*m + 77. What are the prime factors of d(o)?
5, 37
Suppose 4*w + 3*t - 528 = 0, 77 = w - 2*t - 66. Let j(f) = 10*f**2 + f + 1. Let o be j(-1). Suppose 0 = -11*c + o*c + w. List the prime factors of c.
3, 5
Let j(a) = -a**3 + 14*a**2 - a - 3. Let s(i) = -2*i**3 - 8*i**2 + 2*i - 12. Let d be s(-5). Let c = 41 - d. What are the prime factors of j(c)?
3, 17
Suppose -9603 = -16*v + 121917. List the prime factors of v.
2, 3, 5, 137
Suppose 5*h + 2502 = 2*h + k, 4170 = -5*h - 4*k. Let t = h - -1380. What are the prime factors of t?
2, 3, 7, 13
Let h(o) = 4880*o + 4625. What are the prime factors of h(4)?
5, 11, 439
Suppose h + 3*s - 1937 = 11902, -5*h = 4*s - 69184. List the prime factors of h.
2, 3, 1153
Suppose 0 = 61*y - 64*y + 2925. Let d = y + -694. List the prime factors of d.
281
Let l(a) = a + 8. Let c be l(-4). Suppose -s + 382 = n, c*s - 574 - 1340 = -5*n. Suppose 1360 = 9*r - n. List the prime factors of r.
2, 97
Let w = -166 - -169. Suppose b + s = 106, b + 0*s = w*s + 126. List the prime factors of b.
3, 37
Let h(d) = 7*d**2 + 10*d + 31. Suppose 4*l + 4*i = 20, -8 = 9*i - 7*i. What are the prime factors of h(l)?
2, 43
Let b(o) = 10*o + 129. Let a be b(-13). List the prime factors of -2 - (a - 178)/(3/12).
2, 3, 7, 17
Suppose 22552 - 5607 = 5*b. Suppose 12*v - 43 = b. What are the prime factors of v?
2, 11, 13
Let s(k) be the second derivative of k**4/2 + 3*k**3/2 - 5*k**2/2 - 3*k - 24. What are the prime factors of s(-6)?
157
Let o(b) = 91*b**2 + 38*b - 118. List the prime factors of o(9).
5, 7, 31
Suppose 16*a - 11*a + 5 = 0. Let s(g) = -190*g - 4. List the prime factors of s(a).
2, 3, 31
Let g(v) = 108*v + 6. Let k be g(3). Suppose -d + 6*d - k = 0. Suppose 0 = 63*i - d*i + 27. List the prime factors of i.
3
Suppose 4*h = -16, 0 = 5*t + 21*h - 18*h - 105988. What are the prime factors of t?
2, 5, 53
Let v(u) be the second derivative of 3*u**3/2 - 15*u**2/2 - 12*u. Let s be v(7). Let x = s - -2. What are the prime factors of x?
2, 5
Suppose -m - 100322 = -5*x, 0 = -717*x + 712*x - 4*m + 100362. What are the prime factors of x?
2, 79, 127
Suppose 0 = 3*b + z - 239, 103 = 4*b - 3*b + 5*z. Suppose 9*r - 24 + b = 0. List the prime factors of 9/r*((6 - 2) + -38).
3, 17
Let q(f) = -70*f + 512. What are the prime factors of q(-34)?
2, 3, 241
Let i(r) be the first derivative of -r**4/4 + 16*r**3/3 - 33*r**2/2 + 17*r - 34. List the prime factors of i(13).
5, 19
Suppose 14*h - 6188 = -12*h. Suppose -3*b - 2 = -11. Suppose -243 = -3*s + 3*z, -b*s + h = 2*z - 0*z. List the prime factors of s.
2, 5
Let v(u) = u**3 - 2*u**2 - 6*u + 5752. What are the prime factors of v(0)?
2, 719
Suppose -5*i = -4*l - 272 - 111, i + 4*l - 67 = 0. Suppose -i*o + 73*o = -82. Let w = 316 - o. List the prime factors of w.
5, 11
Let b(a) = 9*a**2 + 66 + 9*a**3 - 3*a**2 - 68 + 5*a**3. Let n(l) = 29*l**3 + 11*l**2 + l - 3. Let v(d) = 7*b(d) - 4*n(d). List the prime factors of v(-2).
2, 71
Let y(s) = -96*s + 7641. What are the prime factors of y(-29)?
3, 5, 139
Suppose 3*h - h + 4 = 0. Let m(f) = f**2 + 8*f - 1. Let p(j) = -6*j**2 - 40*j + 6. Let t(r) = h*p(r) - 11*m(r). What are the prime factors of t(-8)?
127
Suppose 0*w = -2*w + 306. Let h(o) = 93*o - 456. Let l be h(5). Suppose 2*j - 41 = -k, -3*j - w = -l*k + 4*k. What are the prime factors of k?
3, 11
Let q = -38 - -54. Let t = q + -61. List the prime factors of (-6)/t - (3 + (-1588)/15).
103
Suppose 54 = 2*b + 200. Let l = -63 - b. Let n = 60 - l. What are the prime factors of n?
2, 5
Suppose 0 = 5*b, -3*i = i - 3*b. Let k = -54 - -60. Suppose 2*g - 4*z = k*g - 164, -3*g + 5*z + 123 = i. List the prime factors of g.
41
List the prime factors of (1/(-2) + 19/(209/46475))*2.
7, 17, 71
Let z(h) = h**3 - 5*h**2 - 6*h - 5. Let j be z(6). Let r(g) = -148*g - 88. What are the prime factors of r(j)?
2, 163
What are the prime factors of 871190*(-12)/(-900) - (-2)/15?
2, 3, 11
Let o be (-45)/3*(-20 + 19). Suppose -o*f + 46*f = 17236. List the prime factors of f.
2, 139
Let j(r) = r**2 - 14*r + 20. Let i be j(12). Let h = i - -6. What are the prime factors of h + (-17)/3*-9?
53
Let s(n) = 507*n + 2709. List the prime factors of s(38).
3, 5, 293
Suppose -5*j - 118 = -3*n, 4*n - j = 205 - 59. Suppose -3*c + 5*s = s + n, 0 = s. List the prime factors of (-45)/c*(-36)/(-3).
3, 5
Let x(c) = -c**2 - 48*c - 2. Let z(i) = -i - 1. Let h(f) = x(f) - 5*z(f). List the prime factors of h(-14).
409
Suppose 5*t + 4*b = 190379, -8502*t - b = -8497*t - 190391. List the prime factors of t.
3, 4231
Let v(p) = -p**3 - 9*p**2 - 22*p + 4. Let q be v(-4). Suppose -5306 = q*j - 26*j. What are the prime factors of j?
379
Suppose 114 = -5*x - 216. Let q = 68 + x. Suppose 4*z = 4*b + 75 + 125, -q*b + 100 = 2*z. What are the prime factors of z?
2, 5
Let p be (2/(-3))/((-1)/(-87)). Let t be (-180)/(-480) 